remainder when 215 is divided by 41?
10
What is the remainder when 1864 is divided by 148?
88
What is the remainder when 501 is divided by 11?
6
What is the remainder when 1409 is divided by 15?
14
What is the remainder when 1113 is divided by 371?
0
Calculate the remainder when 3888 is divided by 151.
113
What is the remainder when 150 is divided by 60?
30
What is the remainder when 1918 is divided by 80?
78
What is the remainder when 623 is divided by 24?
23
What is the remainder when 59 is divided by 17?
8
Calculate the remainder when 24011 is divided by 138.
137
Calculate the remainder when 1116 is divided by 1.
0
What is the remainder when 726 is divided by 122?
116
What is the remainder when 11172 is divided by 75?
72
Calculate the remainder when 245 is divided by 41.
40
Calculate the remainder when 474 is divided by 113.
22
What is the remainder when 77 is divided by 27?
23
Calculate the remainder when 647 is divided by 177.
116
Calculate the remainder when 15 is divided by 2.
1
What is the remainder when 13 is divided by 4?
1
Calculate the remainder when 184 is divided by 9.
4
Calculate the remainder when 77 is divided by 40.
37
What is the remainder when 338 is divided by 49?
44
Calculate the remainder when 275 is divided by 23.
22
What is the remainder when 52 is divided by 4?
0
What is the remainder when 218 is divided by 108?
2
What is the remainder when 106 is divided by 80?
26
Calculate the remainder when 653 is divided by 16.
13
Calculate the remainder when 14615 is divided by 172.
167
What is the remainder when 150 is divided by 150?
0
Calculate the remainder when 805 is divided by 92.
69
Calculate the remainder when 163 is divided by 103.
60
What is the remainder when 71 is divided by 39?
32
What is the remainder when 459 is divided by 241?
218
What is the remainder when 132 is divided by 67?
65
What is the remainder when 102 is divided by 8?
6
What is the remainder when 38 is divided by 17?
4
Calculate the remainder when 5407 is divided by 16.
15
Calculate the remainder when 1517 is divided by 117.
113
Calculate the remainder when 6014 is divided by 59.
55
What is the remainder when 1372 is divided by 51?
46
What is the remainder when 1299 is divided by 10?
9
Calculate the remainder when 757 is divided by 70.
57
What is the remainder when 773 is divided by 111?
107
Calculate the remainder when 1070 is divided by 18.
8
Calculate the remainder when 90 is divided by 13.
12
What is the remainder when 1018 is divided by 17?
15
What is the remainder when 371 is divided by 70?
21
Calculate the remainder when 203 is divided by 69.
65
Calculate the remainder when 507 is divided by 252.
3
What is the remainder when 547 is divided by 97?
62
Calculate the remainder when 93 is divided by 30.
3
What is the remainder when 804 is divided by 5?
4
Calculate the remainder when 9853 is divided by 1970.
3
What is the remainder when 359 is divided by 8?
7
Calculate the remainder when 10905 is divided by 38.
37
What is the remainder when 207 is divided by 6?
3
What is the remainder when 1068 is divided by 529?
10
Calculate the remainder when 540 is divided by 68.
64
Calculate the remainder when 365 is divided by 74.
69
What is the remainder when 145 is divided by 15?
10
What is the remainder when 1228 is divided by 65?
58
What is the remainder when 20409 is divided by 126?
123
What is the remainder when 519 is divided by 255?
9
Calculate the remainder when 5982 is divided by 63.
60
Calculate the remainder when 220 is divided by 9.
4
What is the remainder when 18867 is divided by 85?
82
Calculate the remainder when 1020 is divided by 207.
192
Calculate the remainder when 43519 is divided by 136.
135
Calculate the remainder when 880 is divided by 14.
12
What is the remainder when 344 is divided by 69?
68
Calculate the remainder when 194 is divided by 5.
4
Calculate the remainder when 6091 is divided by 11.
8
What is the remainder when 436 is divided by 11?
7
What is the remainder when 215 is divided by 18?
17
What is the remainder when 704 is divided by 77?
11
What is the remainder when 1487 is divided by 12?
11
Calculate the remainder when 320 is divided by 82.
74
What is the remainder when 45 is divided by 37?
8
Calculate the remainder when 304 is divided by 44.
40
What is the remainder when 48 is divided by 19?
10
What is the remainder when 713 is divided by 93?
62
What is the remainder when 2190 is divided by 18?
12
What is the remainder when 1012 is divided by 176?
132
What is the remainder when 944 is divided by 47?
4
Calculate the remainder when 181 is divided by 168.
13
Calculate the remainder when 441 is divided by 117.
90
Calculate the remainder when 106 is divided by 45.
16
What is the remainder when 174 is divided by 41?
10
What is the remainder when 65 is divided by 25?
15
What is the remainder when 142 is divided by 4?
2
Calculate the remainder when 11 is divided by 7.
4
Calculate the remainder when 4623 is divided by 39.
21
What is the remainder when 3762 is divided by 102?
90
What is the remainder when 108 is divided by 46?
16
What is the remainder when 2026 is divided by 204?
190
What is the remainder when 920 is divided by 149?
26
What is the remainder when 22 is divided by 8?
6
Calculate the remainder when 137 is divided by 6.
5
What is the remainder when 407 is divided by 68?
67
What is the remainder when 4730 is divided by 471?
20
Calculate the remainder when 338 is divided by 111.
5
What is the remainder when 265 is divided by 17?
10
Calculate the remainder when 725 is divided by 8.
5
What is the remainder when 123 is divided by 6?
3
Calculate the remainder when 270 is divided by 5.
0
What is the remainder when 781 is divided by 28?
25
What is the remainder when 200 is divided by 65?
5
What is the remainder when 1053 is divided by 16?
13
What is the remainder when 175 is divided by 11?
10
What is the remainder when 276 is divided by 270?
6
Calculate the remainder when 206 is divided by 144.
62
Calculate the remainder when 62 is divided by 26.
10
Calculate the remainder when 107 is divided by 44.
19
What is the remainder when 1975 is divided by 323?
37
Calculate the remainder when 996 is divided by 245.
16
Calculate the remainder when 72 is divided by 27.
18
Calculate the remainder when 171 is divided by 59.
53
Calculate the remainder when 52 is divided by 19.
14
What is the remainder when 404 is divided by 104?
92
Calculate the remainder when 47 is divided by 21.
5
Calculate the remainder when 1459 is divided by 21.
10
Calculate the remainder when 3516 is divided by 41.
31
Calculate the remainder when 170 is divided by 73.
24
What is the remainder when 3259 is divided by 192?
187
What is the remainder when 121 is divided by 25?
21
What is the remainder when 37 is divided by 13?
11
Calculate the remainder when 16 is divided by 10.
6
What is the remainder when 51 is divided by 50?
1
Calculate the remainder when 260 is divided by 11.
7
What is the remainder when 86 is divided by 22?
20
What is the remainder when 479 is divided by 20?
19
What is the remainder when 105 is divided by 28?
21
What is the remainder when 1134 is divided by 365?
39
Calculate the remainder when 4515 is divided by 20.
15
Calculate the remainder when 206 is divided by 42.
38
Calculate the remainder when 725 is divided by 28.
25
What is the remainder when 2696 is divided by 45?
41
Calculate the remainder when 2461 is divided by 16.
13
What is the remainder when 51 is divided by 27?
24
What is the remainder when 759 is divided by 65?
44
Calculate the remainder when 1958 is divided by 7.
5
What is the remainder when 21 is divided by 18?
3
Calculate the remainder when 484 is divided by 97.
96
What is the remainder when 10738 is divided by 3573?
19
What is the remainder when 321 is divided by 36?
33
What is the remainder when 7156 is divided by 76?
12
What is the remainder when 1800 is divided by 593?
21
Calculate the remainder when 808 is divided by 22.
16
Calculate the remainder when 4843 is divided by 31.
7
Calculate the remainder when 463 is divided by 154.
1
Calculate the remainder when 1698 is divided by 68.
66
Calculate the remainder when 6065 is divided by 758.
1
What is the remainder when 3770 is divided by 151?
146
Calculate the remainder when 227 i